{"id":2788,"date":"2018-06-14T16:26:15","date_gmt":"2018-06-14T14:26:15","guid":{"rendered":"http:\/\/hsv-ovenhausen.de\/?page_id=2788"},"modified":"2024-05-02T21:56:47","modified_gmt":"2024-05-02T19:56:47","slug":"impressum","status":"publish","type":"page","link":"\/?page_id=2788","title":{"rendered":"Impressum"},"content":{"rendered":"<p>Angaben gem\u00e4\u00df \u00a7 5 TMG<\/p>\n<p>Heimat und Sch\u00fctzenverein Ovenhausen von 1575 e.V.<br \/>\nHeiligenbergstr. 6<br \/>\n37671 H\u00f6xter \/ Ovenhausen<\/p>\n<p><strong>Vertreten durch:&nbsp;<\/strong><br \/>\nSebastian Werpup &#8211; 1 Vorsitzender<\/p>\n<p>Thorsten Ludwig &#8211; 1. Kassierer<\/p>\n<p>Grit Winkelhahn &#8211; 1. Schriftf\u00fchrerin<\/p>\n<p><strong>Kontakt:<\/strong><br \/>\nSebastian Werpup<br \/>\nTelefon: +49 5278-952633<br \/>\nE-Mail: Sebastian.Werpup@Hsv-Ovenhausen.de<\/p>\n<p>Grit Winkelhahn<br \/>\nE-Mail: Grit.Winkelhahn@Hsv-Ovenhausen.de<\/p>\n<p><strong>Registereintrag:&nbsp;<\/strong><br \/>\nEintragung im Registergericht: Amtsgericht Paderborn<br \/>\nRegisternummer: VR 30432<\/p>\n<p><strong>Umsatzsteuer-ID:&nbsp;<\/strong><br \/>\nUmsatzsteuer-Identifikationsnummer gem\u00e4\u00df \u00a727a Umsatzsteuergesetz: 123456<\/p>\n<p><strong>Verantwortlich f\u00fcr den Inhalt nach \u00a7 55 Abs. 2 RStV:<\/strong><br \/>\nSebastian Werpup<br \/>\nHeiligenbergstr. 6<br \/>\n37671 H\u00f6xter \/ Ovenhausen<\/p>\n<p><strong>Haftungsausschluss:&nbsp;<\/strong><\/p>\n<p><strong>Haftung f\u00fcr Inhalte<\/strong><\/p>\n<p>Die Inhalte unserer Seiten wurden mit gr\u00f6\u00dfter Sorgfalt erstellt. F\u00fcr die Richtigkeit, Vollst\u00e4ndigkeit und Aktualit\u00e4t der Inhalte k\u00f6nnen wir jedoch keine Gew\u00e4hr \u00fcbernehmen. Als Diensteanbieter sind wir gem\u00e4\u00df \u00a7 7 Abs.1 TMG f\u00fcr eigene Inhalte auf diesen Seiten nach den allgemeinen Gesetzen verantwortlich. Nach \u00a7\u00a7 8 bis 10 TMG sind wir als Diensteanbieter jedoch nicht verpflichtet, \u00fcbermittelte oder gespeicherte fremde Informationen zu \u00fcberwachen oder nach Umst\u00e4nden zu forschen, die auf eine rechtswidrige T\u00e4tigkeit hinweisen. Verpflichtungen zur Entfernung oder Sperrung der Nutzung von Informationen nach den allgemeinen Gesetzen bleiben hiervon unber\u00fchrt. Eine diesbez\u00fcgliche Haftung ist jedoch erst ab dem Zeitpunkt der Kenntnis einer konkreten Rechtsverletzung m\u00f6glich. Bei Bekanntwerden von entsprechenden Rechtsverletzungen werden wir diese Inhalte umgehend entfernen.<\/p>\n<p><strong>Haftung f\u00fcr Links<\/strong><\/p>\n<p>Unser Angebot enth\u00e4lt Links zu externen Webseiten Dritter, auf deren Inhalte wir keinen Einfluss haben. Deshalb k\u00f6nnen wir f\u00fcr diese fremden Inhalte auch keine Gew\u00e4hr \u00fcbernehmen. F\u00fcr die Inhalte der verlinkten Seiten ist stets der jeweilige Anbieter oder Betreiber der Seiten verantwortlich. Die verlinkten Seiten wurden zum Zeitpunkt der Verlinkung auf m\u00f6gliche Rechtsverst\u00f6\u00dfe \u00fcberpr\u00fcft. Rechtswidrige Inhalte waren zum Zeitpunkt der Verlinkung nicht erkennbar. Eine permanente inhaltliche Kontrolle der verlinkten Seiten ist jedoch ohne konkrete Anhaltspunkte einer Rechtsverletzung nicht zumutbar. Bei Bekanntwerden von Rechtsverletzungen werden wir derartige Links umgehend entfernen.<\/p>\n<p><strong>Urheberrecht<\/strong><\/p>\n<p>Die durch die Seitenbetreiber erstellten Inhalte und Werke auf diesen Seiten unterliegen dem deutschen Urheberrecht. Die Vervielf\u00e4ltigung, Bearbeitung, Verbreitung und jede Art der Verwertung au\u00dferhalb der Grenzen des Urheberrechtes bed\u00fcrfen der schriftlichen Zustimmung des jeweiligen Autors bzw. Erstellers. Downloads und Kopien dieser Seite sind nur f\u00fcr den privaten, nicht kommerziellen Gebrauch gestattet. Soweit die Inhalte auf dieser Seite nicht vom Betreiber erstellt wurden, werden die Urheberrechte Dritter beachtet. Insbesondere werden Inhalte Dritter als solche gekennzeichnet. Sollten Sie trotzdem auf eine Urheberrechtsverletzung aufmerksam werden, bitten wir um einen entsprechenden Hinweis. Bei Bekanntwerden von Rechtsverletzungen werden wir derartige Inhalte umgehend entfernen.<\/p>\n<p><strong>Datenschutz<\/strong><\/p>\n<p>Die Nutzung unserer Webseite ist in der Regel ohne Angabe personenbezogener Daten m\u00f6glich. Soweit auf unseren Seiten personenbezogene Daten (beispielsweise Name, Anschrift oder eMail-Adressen) erhoben werden, erfolgt dies, soweit m\u00f6glich, stets auf freiwilliger Basis. Diese Daten werden ohne Ihre ausdr\u00fcckliche Zustimmung nicht an Dritte weitergegeben.<br \/>\nWir weisen darauf hin, dass die Daten\u00fcbertragung im Internet (z.B. bei der Kommunikation per E-Mail) Sicherheitsl\u00fccken aufweisen kann. Ein l\u00fcckenloser Schutz der Daten vor dem Zugriff durch Dritte ist nicht m\u00f6glich.<br \/>\nDer Nutzung von im Rahmen der Impressumspflicht ver\u00f6ffentlichten Kontaktdaten durch Dritte zur \u00dcbersendung von nicht ausdr\u00fccklich angeforderter Werbung und Informationsmaterialien wird hiermit ausdr\u00fccklich widersprochen. Die Betreiber der Seiten behalten sich ausdr\u00fccklich rechtliche Schritte im Falle der unverlangten Zusendung von Werbeinformationen, etwa durch Spam-Mails, vor.<\/p>\n<p>Website Impressum erstellt durch&nbsp;<u><a href=\"http:\/\/www.impressum-generator.de\/\">impressum-generator.de<\/a><\/u>&nbsp;von der&nbsp;<u><a href=\"https:\/\/www.kanzlei-hasselbach.de\/\">Kanzlei Hasselbach<\/a><\/u><\/p>\n","protected":false},"excerpt":{"rendered":"<p>Angaben gem\u00e4\u00df \u00a7 5 TMG Heimat und Sch\u00fctzenverein Ovenhausen von 1575 e.V. Heiligenbergstr. 6 37671 H\u00f6xter \/ Ovenhausen Vertreten durch:&nbsp; Sebastian Werpup &#8211; 1 Vorsitzender Thorsten Ludwig &#8211; 1. Kassierer Grit Winkelhahn &#8211; 1. Schriftf\u00fchrerin Kontakt: Sebastian Werpup Telefon: +49&hellip; <\/p>\n","protected":false},"author":9,"featured_media":0,"parent":0,"menu_order":0,"comment_status":"closed","ping_status":"closed","template":"","meta":{"jetpack_post_was_ever_published":false,"footnotes":""},"class_list":["post-2788","page","type-page","status-publish","hentry"],"jetpack_sharing_enabled":true,"jetpack_shortlink":"https:\/\/wp.me\/P7qpVN-IY","jetpack-related-posts":[{"id":115,"url":"\/?page_id=115","url_meta":{"origin":2788,"position":0},"title":"Kontakt","author":"Sebastian Werpup","date":"17. Januar 2015","format":false,"excerpt":"Heimat- und Sch\u00fctzenverein Ovenhausen von 1575 e.V. 1. Vorsitzender Sebastian Werpup Heiligenbergstra\u00dfe 6 37671 H\u00f6xter-Ovenhausen Tel.: \u00a005278\/952633 Mobil:\u00a00174\/7457356 E-Mail:\u00a0Sebastian.Werpup@Hsv-Ovenhausen.de 1. Schriftf\u00fchrerin Grit Winkelhahn Prozessionsweg 6 37671 H\u00f6xter-Ovenhausen E-Mail: Grit.Winkelhahn@Hsv-Ovenhausen.de Info's Termine f\u00fcr den Kalender: Termine@hsv-ovenhausen.de","rel":"","context":"\u00c4hnlicher Beitrag","block_context":{"text":"\u00c4hnlicher Beitrag","link":""},"img":{"alt_text":"","src":"","width":0,"height":0},"classes":[]},{"id":23,"url":"\/?page_id=23","url_meta":{"origin":2788,"position":1},"title":"Vorstand","author":"Christoph Klocke","date":"12. August 2014","format":false,"excerpt":"Aufgabenverteilung im Vorstand 1. Vorsitzender Sebastian Werpup Heiligenbergstra\u00dfe 6 37671 H\u00f6xter - Ovenhausen Mobil: 0174 7457356 E-Mail: sebastian.werpup@hsv-ovenhausen.de 1. Schriftf\u00fchrer Grit Winkelhahn Prozessionsweg 6 37671 H\u00f6xter - Ovenhausen Mobil: 01522 9981380 E-Mail: grit.winkelhahn@hsv-ovenhausen.de 1. Kassierer Thorsten Ludwig Rohrweg 55 37671 H\u00f6xter Mobil: 0172 5775537 E-Mail: thorsten.ludwig@hsv-ovenhausen.de 2. Vorsitzender Klaus Winkelhahn\u2026","rel":"","context":"\u00c4hnlicher Beitrag","block_context":{"text":"\u00c4hnlicher Beitrag","link":""},"img":{"alt_text":"","src":"https:\/\/i0.wp.com\/hsv-ovenhausen.de\/hsv-neu\/wp-content\/uploads\/2024\/10\/Vorstand-2024-Vorstand-scaled.jpg?fit=1200%2C900&resize=350%2C200","width":350,"height":200,"srcset":"https:\/\/i0.wp.com\/hsv-ovenhausen.de\/hsv-neu\/wp-content\/uploads\/2024\/10\/Vorstand-2024-Vorstand-scaled.jpg?fit=1200%2C900&resize=350%2C200 1x, https:\/\/i0.wp.com\/hsv-ovenhausen.de\/hsv-neu\/wp-content\/uploads\/2024\/10\/Vorstand-2024-Vorstand-scaled.jpg?fit=1200%2C900&resize=525%2C300 1.5x, https:\/\/i0.wp.com\/hsv-ovenhausen.de\/hsv-neu\/wp-content\/uploads\/2024\/10\/Vorstand-2024-Vorstand-scaled.jpg?fit=1200%2C900&resize=700%2C400 2x, https:\/\/i0.wp.com\/hsv-ovenhausen.de\/hsv-neu\/wp-content\/uploads\/2024\/10\/Vorstand-2024-Vorstand-scaled.jpg?fit=1200%2C900&resize=1050%2C600 3x"},"classes":[]},{"id":6,"url":"\/?page_id=6","url_meta":{"origin":2788,"position":2},"title":"Geschichte","author":"Sebastian Werpup","date":"3. Juni 2014","format":false,"excerpt":"Der Heimat- und Sch\u00fctzenverein Ovenhausen von 1575 e.V. kann als Tr\u00e4ger des traditionellen Sch\u00fctzenwesens in unserem Dorf auf eine mehr als 400- j\u00e4hrige Vereinsgeschichte stolz sein. Im Laufe der Vereinsgeschichte hat sich sein Aufgabenspektrum st\u00e4ndig weiterentwickelt, so das derzeit neben dem Sch\u00fctzenbrauchtum und dem Schie\u00dfsport s\u00e4mtliche Karnevalsaktivit\u00e4ten, die Belange des\u2026","rel":"","context":"\u00c4hnlicher Beitrag","block_context":{"text":"\u00c4hnlicher Beitrag","link":""},"img":{"alt_text":"","src":"","width":0,"height":0},"classes":[]},{"id":113,"url":"\/?page_id=113","url_meta":{"origin":2788,"position":3},"title":"Links","author":"Sebastian Werpup","date":"17. Januar 2015","format":false,"excerpt":"Ortschaft Ovenhausen Blaskapelle Ovenhausen L\u00f6schgruppe Ovenhausen TC 86 Ovenhausen TuS Ovenhausen Ovenh\u00e4user Musikanten Westf\u00e4lischer Sch\u00fctzenbund","rel":"","context":"\u00c4hnlicher Beitrag","block_context":{"text":"\u00c4hnlicher Beitrag","link":""},"img":{"alt_text":"","src":"","width":0,"height":0},"classes":[]},{"id":111,"url":"\/?page_id=111","url_meta":{"origin":2788,"position":4},"title":"Downloads","author":"Sebastian Werpup","date":"17. Januar 2015","format":false,"excerpt":"Beitrittserkl\u00e4rung zum Heimat- u. Sch\u00fctzenverein Ovenhausen Mietvertrag Sch\u00fctzenhaus Hausordnung Sch\u00fctzenhaus Satzung des HSV Ovenhausen Zust\u00e4ndigkeiten Offizierskorps des HSV Ovenhausen","rel":"","context":"\u00c4hnlicher Beitrag","block_context":{"text":"\u00c4hnlicher Beitrag","link":""},"img":{"alt_text":"","src":"","width":0,"height":0},"classes":[]},{"id":3490,"url":"\/?page_id=3490","url_meta":{"origin":2788,"position":5},"title":"Sch\u00fctzenfest 2017","author":"Sebastian Werpup","date":"18. September 2019","format":false,"excerpt":"Weitere Bilder vom Sch\u00fctzenfest 2017:","rel":"","context":"\u00c4hnlicher Beitrag","block_context":{"text":"\u00c4hnlicher Beitrag","link":""},"img":{"alt_text":"","src":"https:\/\/i0.wp.com\/hsv-ovenhausen.de\/hsv-neu\/wp-content\/uploads\/2019\/09\/Sch%C3%BCtzenfest_Ovenhausen_2017-62-1024x683.jpg?resize=350%2C200","width":350,"height":200,"srcset":"https:\/\/i0.wp.com\/hsv-ovenhausen.de\/hsv-neu\/wp-content\/uploads\/2019\/09\/Sch%C3%BCtzenfest_Ovenhausen_2017-62-1024x683.jpg?resize=350%2C200 1x, https:\/\/i0.wp.com\/hsv-ovenhausen.de\/hsv-neu\/wp-content\/uploads\/2019\/09\/Sch%C3%BCtzenfest_Ovenhausen_2017-62-1024x683.jpg?resize=525%2C300 1.5x, https:\/\/i0.wp.com\/hsv-ovenhausen.de\/hsv-neu\/wp-content\/uploads\/2019\/09\/Sch%C3%BCtzenfest_Ovenhausen_2017-62-1024x683.jpg?resize=700%2C400 2x"},"classes":[]}],"_links":{"self":[{"href":"\/index.php?rest_route=\/wp\/v2\/pages\/2788","targetHints":{"allow":["GET"]}}],"collection":[{"href":"\/index.php?rest_route=\/wp\/v2\/pages"}],"about":[{"href":"\/index.php?rest_route=\/wp\/v2\/types\/page"}],"author":[{"embeddable":true,"href":"\/index.php?rest_route=\/wp\/v2\/users\/9"}],"replies":[{"embeddable":true,"href":"\/index.php?rest_route=%2Fwp%2Fv2%2Fcomments&post=2788"}],"version-history":[{"count":3,"href":"\/index.php?rest_route=\/wp\/v2\/pages\/2788\/revisions"}],"predecessor-version":[{"id":3919,"href":"\/index.php?rest_route=\/wp\/v2\/pages\/2788\/revisions\/3919"}],"wp:attachment":[{"href":"\/index.php?rest_route=%2Fwp%2Fv2%2Fmedia&parent=2788"}],"curies":[{"name":"wp","href":"https:\/\/api.w.org\/{rel}","templated":true}]}}