{"id":4096,"date":"2025-05-26T21:14:15","date_gmt":"2025-05-26T19:14:15","guid":{"rendered":"\/?page_id=4096"},"modified":"2025-05-26T23:16:36","modified_gmt":"2025-05-26T21:16:36","slug":"offiziere-2","status":"publish","type":"page","link":"\/?page_id=4096","title":{"rendered":"Offiziere"},"content":{"rendered":"\n<p>Das Offizierskorps besteht aus \u00fcber 30 Mitgliedern und repr\u00e4sentiert den Verein auf Festen in der Umgebung sowie im eigenen Dorf. Wir unterst\u00fctzen Arbeiten am Sch\u00fctzenhaus und die Vorbereitung des Sch\u00fctzenfestes sowie die Durchf\u00fchrung des Osterfeuers.<\/p>\n\n\n\n<p>Die Offiziere sind jederzeit Ansprechpartner in Vereinsfragen.<\/p>\n\n\n\n<figure class=\"wp-block-gallery has-nested-images columns-1 wp-block-gallery-1 is-layout-flex wp-block-gallery-is-layout-flex\">\n<figure class=\"wp-block-image size-large\"><a href=\"https:\/\/i0.wp.com\/hsv-ovenhausen.de\/hsv-neu\/wp-content\/uploads\/2025\/05\/Offizierkorps-scaled.jpg?ssl=1\"><img data-recalc-dims=\"1\" loading=\"lazy\" decoding=\"async\" width=\"700\" height=\"375\" data-attachment-id=\"4097\" data-permalink=\"\/?attachment_id=4097\" data-orig-file=\"https:\/\/i0.wp.com\/hsv-ovenhausen.de\/hsv-neu\/wp-content\/uploads\/2025\/05\/Offizierkorps-scaled.jpg?fit=2560%2C1372\" data-orig-size=\"2560,1372\" data-comments-opened=\"0\" data-image-meta=\"{&quot;aperture&quot;:&quot;1.8&quot;,&quot;credit&quot;:&quot;&quot;,&quot;camera&quot;:&quot;Galaxy S23&quot;,&quot;caption&quot;:&quot;&quot;,&quot;created_timestamp&quot;:&quot;1737284784&quot;,&quot;copyright&quot;:&quot;&quot;,&quot;focal_length&quot;:&quot;5.4&quot;,&quot;iso&quot;:&quot;25&quot;,&quot;shutter_speed&quot;:&quot;0.00076687116564417&quot;,&quot;title&quot;:&quot;&quot;,&quot;orientation&quot;:&quot;1&quot;}\" data-image-title=\"Die F\u00fchrung des Offizierkorps\" data-image-description=\"\" data-image-caption=\"&lt;p&gt;Die F\u00fchrung des Offizierkorps&lt;\/p&gt;\n\" data-medium-file=\"https:\/\/i0.wp.com\/hsv-ovenhausen.de\/hsv-neu\/wp-content\/uploads\/2025\/05\/Offizierkorps-scaled.jpg?fit=300%2C161\" data-large-file=\"https:\/\/i0.wp.com\/hsv-ovenhausen.de\/hsv-neu\/wp-content\/uploads\/2025\/05\/Offizierkorps-scaled.jpg?fit=700%2C375\" data-id=\"4097\" src=\"https:\/\/i0.wp.com\/hsv-ovenhausen.de\/hsv-neu\/wp-content\/uploads\/2025\/05\/Offizierkorps-1024x549.jpg?resize=700%2C375&#038;ssl=1\" alt=\"\" class=\"wp-image-4097\" srcset=\"https:\/\/i0.wp.com\/hsv-ovenhausen.de\/hsv-neu\/wp-content\/uploads\/2025\/05\/Offizierkorps-scaled.jpg?resize=1024%2C549 1024w, https:\/\/i0.wp.com\/hsv-ovenhausen.de\/hsv-neu\/wp-content\/uploads\/2025\/05\/Offizierkorps-scaled.jpg?resize=300%2C161 300w, https:\/\/i0.wp.com\/hsv-ovenhausen.de\/hsv-neu\/wp-content\/uploads\/2025\/05\/Offizierkorps-scaled.jpg?resize=768%2C412 768w, https:\/\/i0.wp.com\/hsv-ovenhausen.de\/hsv-neu\/wp-content\/uploads\/2025\/05\/Offizierkorps-scaled.jpg?resize=1536%2C823 1536w, https:\/\/i0.wp.com\/hsv-ovenhausen.de\/hsv-neu\/wp-content\/uploads\/2025\/05\/Offizierkorps-scaled.jpg?resize=2048%2C1098 2048w, https:\/\/i0.wp.com\/hsv-ovenhausen.de\/hsv-neu\/wp-content\/uploads\/2025\/05\/Offizierkorps-scaled.jpg?w=1400 1400w, https:\/\/i0.wp.com\/hsv-ovenhausen.de\/hsv-neu\/wp-content\/uploads\/2025\/05\/Offizierkorps-scaled.jpg?w=2100 2100w\" sizes=\"auto, (max-width: 700px) 100vw, 700px\" \/><\/a><figcaption class=\"wp-element-caption\">Die F\u00fchrung des Offizierkorps<\/figcaption><\/figure>\n\n\n\n<figure class=\"wp-block-image size-large is-style-default\"><a href=\"https:\/\/i0.wp.com\/hsv-ovenhausen.de\/hsv-neu\/wp-content\/uploads\/2025\/05\/Leitende-Offiziere-Klaus-Woestefeld-Markus-Hesse-Dominik-Wehner-Jens-Massmann.jpg?ssl=1\"><img data-recalc-dims=\"1\" loading=\"lazy\" decoding=\"async\" width=\"700\" height=\"507\" data-attachment-id=\"4103\" data-permalink=\"\/?attachment_id=4103\" data-orig-file=\"https:\/\/i0.wp.com\/hsv-ovenhausen.de\/hsv-neu\/wp-content\/uploads\/2025\/05\/Leitende-Offiziere-Klaus-Woestefeld-Markus-Hesse-Dominik-Wehner-Jens-Massmann.jpg?fit=2530%2C1833\" data-orig-size=\"2530,1833\" data-comments-opened=\"0\" data-image-meta=\"{&quot;aperture&quot;:&quot;1.8&quot;,&quot;credit&quot;:&quot;&quot;,&quot;camera&quot;:&quot;Galaxy S23&quot;,&quot;caption&quot;:&quot;&quot;,&quot;created_timestamp&quot;:&quot;1737284823&quot;,&quot;copyright&quot;:&quot;&quot;,&quot;focal_length&quot;:&quot;5.4&quot;,&quot;iso&quot;:&quot;25&quot;,&quot;shutter_speed&quot;:&quot;0.00055126791620728&quot;,&quot;title&quot;:&quot;&quot;,&quot;orientation&quot;:&quot;1&quot;}\" data-image-title=\"Leitende Offiziere &amp;#8211; Klaus W\u00f6stefeld, Dominik Wehner, Jens Massmann, Markus Hesse\" data-image-description=\"\" data-image-caption=\"&lt;p&gt;Leitende Offiziere &amp;#8211; Klaus W\u00f6stefeld (Hauptmann 1. Kompanie), Dominik Wehner (Major), Jens Massmann (Oberst), Markus Hesse (Hauptmann 2. Kompanie)&lt;\/p&gt;\n\" data-medium-file=\"https:\/\/i0.wp.com\/hsv-ovenhausen.de\/hsv-neu\/wp-content\/uploads\/2025\/05\/Leitende-Offiziere-Klaus-Woestefeld-Markus-Hesse-Dominik-Wehner-Jens-Massmann.jpg?fit=300%2C217\" data-large-file=\"https:\/\/i0.wp.com\/hsv-ovenhausen.de\/hsv-neu\/wp-content\/uploads\/2025\/05\/Leitende-Offiziere-Klaus-Woestefeld-Markus-Hesse-Dominik-Wehner-Jens-Massmann.jpg?fit=700%2C507\" data-id=\"4103\" src=\"https:\/\/i0.wp.com\/hsv-ovenhausen.de\/hsv-neu\/wp-content\/uploads\/2025\/05\/Leitende-Offiziere-Klaus-Woestefeld-Markus-Hesse-Dominik-Wehner-Jens-Massmann-1024x742.jpg?resize=700%2C507&#038;ssl=1\" alt=\"\" class=\"wp-image-4103\" srcset=\"https:\/\/i0.wp.com\/hsv-ovenhausen.de\/hsv-neu\/wp-content\/uploads\/2025\/05\/Leitende-Offiziere-Klaus-Woestefeld-Markus-Hesse-Dominik-Wehner-Jens-Massmann.jpg?resize=1024%2C742 1024w, https:\/\/i0.wp.com\/hsv-ovenhausen.de\/hsv-neu\/wp-content\/uploads\/2025\/05\/Leitende-Offiziere-Klaus-Woestefeld-Markus-Hesse-Dominik-Wehner-Jens-Massmann.jpg?resize=300%2C217 300w, https:\/\/i0.wp.com\/hsv-ovenhausen.de\/hsv-neu\/wp-content\/uploads\/2025\/05\/Leitende-Offiziere-Klaus-Woestefeld-Markus-Hesse-Dominik-Wehner-Jens-Massmann.jpg?resize=768%2C556 768w, https:\/\/i0.wp.com\/hsv-ovenhausen.de\/hsv-neu\/wp-content\/uploads\/2025\/05\/Leitende-Offiziere-Klaus-Woestefeld-Markus-Hesse-Dominik-Wehner-Jens-Massmann.jpg?resize=1536%2C1113 1536w, https:\/\/i0.wp.com\/hsv-ovenhausen.de\/hsv-neu\/wp-content\/uploads\/2025\/05\/Leitende-Offiziere-Klaus-Woestefeld-Markus-Hesse-Dominik-Wehner-Jens-Massmann.jpg?resize=2048%2C1484 2048w, https:\/\/i0.wp.com\/hsv-ovenhausen.de\/hsv-neu\/wp-content\/uploads\/2025\/05\/Leitende-Offiziere-Klaus-Woestefeld-Markus-Hesse-Dominik-Wehner-Jens-Massmann.jpg?resize=474%2C342 474w, https:\/\/i0.wp.com\/hsv-ovenhausen.de\/hsv-neu\/wp-content\/uploads\/2025\/05\/Leitende-Offiziere-Klaus-Woestefeld-Markus-Hesse-Dominik-Wehner-Jens-Massmann.jpg?w=1400 1400w, https:\/\/i0.wp.com\/hsv-ovenhausen.de\/hsv-neu\/wp-content\/uploads\/2025\/05\/Leitende-Offiziere-Klaus-Woestefeld-Markus-Hesse-Dominik-Wehner-Jens-Massmann.jpg?w=2100 2100w\" sizes=\"auto, (max-width: 700px) 100vw, 700px\" \/><\/a><figcaption class=\"wp-element-caption\">Leitende Offiziere &#8211; Klaus W\u00f6stefeld (Hauptmann 1. Kompanie), Dominik Wehner (Major), Jens Massmann (Oberst), Markus Hesse (Hauptmann 2. Kompanie)<\/figcaption><\/figure>\n\n\n\n<figure class=\"wp-block-image size-large\"><a href=\"https:\/\/i0.wp.com\/hsv-ovenhausen.de\/hsv-neu\/wp-content\/uploads\/2025\/05\/1.-Kompanie-Ralf-Dohmamn-Daniel-Razat-Jonathan-Spieker-Klaus-Woestefeld-scaled.jpg?ssl=1\"><img data-recalc-dims=\"1\" loading=\"lazy\" decoding=\"async\" width=\"700\" height=\"522\" data-attachment-id=\"4099\" data-permalink=\"\/?attachment_id=4099\" data-orig-file=\"https:\/\/i0.wp.com\/hsv-ovenhausen.de\/hsv-neu\/wp-content\/uploads\/2025\/05\/1.-Kompanie-Ralf-Dohmamn-Daniel-Razat-Jonathan-Spieker-Klaus-Woestefeld-scaled.jpg?fit=2560%2C1909\" data-orig-size=\"2560,1909\" data-comments-opened=\"0\" data-image-meta=\"{&quot;aperture&quot;:&quot;1.8&quot;,&quot;credit&quot;:&quot;&quot;,&quot;camera&quot;:&quot;Galaxy S23&quot;,&quot;caption&quot;:&quot;&quot;,&quot;created_timestamp&quot;:&quot;1737284644&quot;,&quot;copyright&quot;:&quot;&quot;,&quot;focal_length&quot;:&quot;5.4&quot;,&quot;iso&quot;:&quot;25&quot;,&quot;shutter_speed&quot;:&quot;0.0011764705882353&quot;,&quot;title&quot;:&quot;&quot;,&quot;orientation&quot;:&quot;1&quot;}\" data-image-title=\"1. Kompanie &amp;#8211; Ralf Dohmamn, Daniel Razat, Jonathan Spieker, Klaus W\u00f6stefeld\" data-image-description=\"\" data-image-caption=\"&lt;p&gt;1. Kompanie &amp;#8211; Ralf Dohmamn, Daniel Razat, Jonathan Spieker, Klaus W\u00f6stefeld (Hauptmann 1. Kompanie)&lt;\/p&gt;\n\" data-medium-file=\"https:\/\/i0.wp.com\/hsv-ovenhausen.de\/hsv-neu\/wp-content\/uploads\/2025\/05\/1.-Kompanie-Ralf-Dohmamn-Daniel-Razat-Jonathan-Spieker-Klaus-Woestefeld-scaled.jpg?fit=300%2C224\" data-large-file=\"https:\/\/i0.wp.com\/hsv-ovenhausen.de\/hsv-neu\/wp-content\/uploads\/2025\/05\/1.-Kompanie-Ralf-Dohmamn-Daniel-Razat-Jonathan-Spieker-Klaus-Woestefeld-scaled.jpg?fit=700%2C522\" data-id=\"4099\" src=\"https:\/\/i0.wp.com\/hsv-ovenhausen.de\/hsv-neu\/wp-content\/uploads\/2025\/05\/1.-Kompanie-Ralf-Dohmamn-Daniel-Razat-Jonathan-Spieker-Klaus-Woestefeld-1024x764.jpg?resize=700%2C522&#038;ssl=1\" alt=\"\" class=\"wp-image-4099\" srcset=\"https:\/\/i0.wp.com\/hsv-ovenhausen.de\/hsv-neu\/wp-content\/uploads\/2025\/05\/1.-Kompanie-Ralf-Dohmamn-Daniel-Razat-Jonathan-Spieker-Klaus-Woestefeld-scaled.jpg?resize=1024%2C764 1024w, https:\/\/i0.wp.com\/hsv-ovenhausen.de\/hsv-neu\/wp-content\/uploads\/2025\/05\/1.-Kompanie-Ralf-Dohmamn-Daniel-Razat-Jonathan-Spieker-Klaus-Woestefeld-scaled.jpg?resize=300%2C224 300w, https:\/\/i0.wp.com\/hsv-ovenhausen.de\/hsv-neu\/wp-content\/uploads\/2025\/05\/1.-Kompanie-Ralf-Dohmamn-Daniel-Razat-Jonathan-Spieker-Klaus-Woestefeld-scaled.jpg?resize=768%2C573 768w, https:\/\/i0.wp.com\/hsv-ovenhausen.de\/hsv-neu\/wp-content\/uploads\/2025\/05\/1.-Kompanie-Ralf-Dohmamn-Daniel-Razat-Jonathan-Spieker-Klaus-Woestefeld-scaled.jpg?resize=1536%2C1146 1536w, https:\/\/i0.wp.com\/hsv-ovenhausen.de\/hsv-neu\/wp-content\/uploads\/2025\/05\/1.-Kompanie-Ralf-Dohmamn-Daniel-Razat-Jonathan-Spieker-Klaus-Woestefeld-scaled.jpg?resize=2048%2C1527 2048w, https:\/\/i0.wp.com\/hsv-ovenhausen.de\/hsv-neu\/wp-content\/uploads\/2025\/05\/1.-Kompanie-Ralf-Dohmamn-Daniel-Razat-Jonathan-Spieker-Klaus-Woestefeld-scaled.jpg?w=1400 1400w, https:\/\/i0.wp.com\/hsv-ovenhausen.de\/hsv-neu\/wp-content\/uploads\/2025\/05\/1.-Kompanie-Ralf-Dohmamn-Daniel-Razat-Jonathan-Spieker-Klaus-Woestefeld-scaled.jpg?w=2100 2100w\" sizes=\"auto, (max-width: 700px) 100vw, 700px\" \/><\/a><figcaption class=\"wp-element-caption\">1. Kompanie &#8211; Ralf Dohmamn, Daniel Razat, Jonathan Spieker, Klaus W\u00f6stefeld<\/figcaption><\/figure>\n\n\n\n<figure class=\"wp-block-image size-large\"><a href=\"https:\/\/i0.wp.com\/hsv-ovenhausen.de\/hsv-neu\/wp-content\/uploads\/2025\/05\/2.-Kompanie-Niklas-Woestefeld-Christoph-Klocke-Sascha-Mueller-Markus-Hesse-scaled.jpg?ssl=1\"><img data-recalc-dims=\"1\" loading=\"lazy\" decoding=\"async\" width=\"700\" height=\"632\" data-attachment-id=\"4100\" data-permalink=\"\/?attachment_id=4100\" data-orig-file=\"https:\/\/i0.wp.com\/hsv-ovenhausen.de\/hsv-neu\/wp-content\/uploads\/2025\/05\/2.-Kompanie-Niklas-Woestefeld-Christoph-Klocke-Sascha-Mueller-Markus-Hesse-scaled.jpg?fit=2560%2C2310\" data-orig-size=\"2560,2310\" data-comments-opened=\"0\" data-image-meta=\"{&quot;aperture&quot;:&quot;1.8&quot;,&quot;credit&quot;:&quot;&quot;,&quot;camera&quot;:&quot;Galaxy S23&quot;,&quot;caption&quot;:&quot;&quot;,&quot;created_timestamp&quot;:&quot;1737284738&quot;,&quot;copyright&quot;:&quot;&quot;,&quot;focal_length&quot;:&quot;5.4&quot;,&quot;iso&quot;:&quot;25&quot;,&quot;shutter_speed&quot;:&quot;0.00081632653061224&quot;,&quot;title&quot;:&quot;&quot;,&quot;orientation&quot;:&quot;1&quot;}\" data-image-title=\"2. Kompanie &amp;#8211; Niklas W\u00f6stefeld, Christoph Klocke, Sascha M\u00fcller, Markus Hesse\" data-image-description=\"\" data-image-caption=\"&lt;p&gt;2. Kompanie &amp;#8211; Niklas W\u00f6stefeld, Christoph Klocke, Sascha M\u00fcller, Markus Hesse (Hauptmann 2. Kompanie)&lt;\/p&gt;\n\" data-medium-file=\"https:\/\/i0.wp.com\/hsv-ovenhausen.de\/hsv-neu\/wp-content\/uploads\/2025\/05\/2.-Kompanie-Niklas-Woestefeld-Christoph-Klocke-Sascha-Mueller-Markus-Hesse-scaled.jpg?fit=300%2C271\" data-large-file=\"https:\/\/i0.wp.com\/hsv-ovenhausen.de\/hsv-neu\/wp-content\/uploads\/2025\/05\/2.-Kompanie-Niklas-Woestefeld-Christoph-Klocke-Sascha-Mueller-Markus-Hesse-scaled.jpg?fit=700%2C632\" data-id=\"4100\" src=\"https:\/\/i0.wp.com\/hsv-ovenhausen.de\/hsv-neu\/wp-content\/uploads\/2025\/05\/2.-Kompanie-Niklas-Woestefeld-Christoph-Klocke-Sascha-Mueller-Markus-Hesse-1024x924.jpg?resize=700%2C632&#038;ssl=1\" alt=\"\" class=\"wp-image-4100\" srcset=\"https:\/\/i0.wp.com\/hsv-ovenhausen.de\/hsv-neu\/wp-content\/uploads\/2025\/05\/2.-Kompanie-Niklas-Woestefeld-Christoph-Klocke-Sascha-Mueller-Markus-Hesse-scaled.jpg?resize=1024%2C924 1024w, https:\/\/i0.wp.com\/hsv-ovenhausen.de\/hsv-neu\/wp-content\/uploads\/2025\/05\/2.-Kompanie-Niklas-Woestefeld-Christoph-Klocke-Sascha-Mueller-Markus-Hesse-scaled.jpg?resize=300%2C271 300w, https:\/\/i0.wp.com\/hsv-ovenhausen.de\/hsv-neu\/wp-content\/uploads\/2025\/05\/2.-Kompanie-Niklas-Woestefeld-Christoph-Klocke-Sascha-Mueller-Markus-Hesse-scaled.jpg?resize=768%2C693 768w, https:\/\/i0.wp.com\/hsv-ovenhausen.de\/hsv-neu\/wp-content\/uploads\/2025\/05\/2.-Kompanie-Niklas-Woestefeld-Christoph-Klocke-Sascha-Mueller-Markus-Hesse-scaled.jpg?resize=1536%2C1386 1536w, https:\/\/i0.wp.com\/hsv-ovenhausen.de\/hsv-neu\/wp-content\/uploads\/2025\/05\/2.-Kompanie-Niklas-Woestefeld-Christoph-Klocke-Sascha-Mueller-Markus-Hesse-scaled.jpg?resize=2048%2C1848 2048w, https:\/\/i0.wp.com\/hsv-ovenhausen.de\/hsv-neu\/wp-content\/uploads\/2025\/05\/2.-Kompanie-Niklas-Woestefeld-Christoph-Klocke-Sascha-Mueller-Markus-Hesse-scaled.jpg?w=1400 1400w, https:\/\/i0.wp.com\/hsv-ovenhausen.de\/hsv-neu\/wp-content\/uploads\/2025\/05\/2.-Kompanie-Niklas-Woestefeld-Christoph-Klocke-Sascha-Mueller-Markus-Hesse-scaled.jpg?w=2100 2100w\" sizes=\"auto, (max-width: 700px) 100vw, 700px\" \/><\/a><figcaption class=\"wp-element-caption\">2. Kompanie &#8211; Niklas W\u00f6stefeld, Christoph Klocke, Sascha M\u00fcller, Markus Hesse<\/figcaption><\/figure>\n<\/figure>\n\n\n\n<p><\/p>\n","protected":false},"excerpt":{"rendered":"<p>Das Offizierskorps besteht aus \u00fcber 30 Mitgliedern und repr\u00e4sentiert den Verein auf Festen in der Umgebung sowie im eigenen Dorf. Wir unterst\u00fctzen Arbeiten am Sch\u00fctzenhaus und die Vorbereitung des Sch\u00fctzenfestes sowie die Durchf\u00fchrung des Osterfeuers. Die Offiziere sind jederzeit Ansprechpartner&hellip; <\/p>\n","protected":false},"author":12,"featured_media":4107,"parent":4,"menu_order":0,"comment_status":"closed","ping_status":"closed","template":"","meta":{"jetpack_post_was_ever_published":false,"footnotes":""},"class_list":["post-4096","page","type-page","status-publish","has-post-thumbnail","hentry"],"jetpack_sharing_enabled":true,"jetpack_shortlink":"https:\/\/wp.me\/P7qpVN-144","jetpack-related-posts":[{"id":6,"url":"\/?page_id=6","url_meta":{"origin":4096,"position":0},"title":"Geschichte","author":"Sebastian Werpup","date":"3. Juni 2014","format":false,"excerpt":"Der Heimat- und Sch\u00fctzenverein Ovenhausen von 1575 e.V. kann als Tr\u00e4ger des traditionellen Sch\u00fctzenwesens in unserem Dorf auf eine mehr als 400- j\u00e4hrige Vereinsgeschichte stolz sein. Im Laufe der Vereinsgeschichte hat sich sein Aufgabenspektrum st\u00e4ndig weiterentwickelt, so das derzeit neben dem Sch\u00fctzenbrauchtum und dem Schie\u00dfsport s\u00e4mtliche Karnevalsaktivit\u00e4ten, die Belange des\u2026","rel":"","context":"\u00c4hnlicher Beitrag","block_context":{"text":"\u00c4hnlicher Beitrag","link":""},"img":{"alt_text":"","src":"","width":0,"height":0},"classes":[]},{"id":2024,"url":"\/?page_id=2024","url_meta":{"origin":4096,"position":1},"title":"2016","author":"Martin Bahr","date":"21. April 2016","format":false,"excerpt":"HSV Ovenhausen dominiert in Warburg Schie\u00dfen: Bei den Kreismeisterschaften gewinnen Hanke, Bahr und Dr\u00fcke alle Disziplinen \u00a5 Ovenhausen (nw). Erfolgreicher geht es kaum \u2013 bei allen Starts siegten die Senioren A des Heimatsch\u00fctzenvereins Ovenhausen in der Mannschafts- sowie in der Einzelwertung bei den Kreismeisterschaften in Warburg. In der Disziplin Kleinkaliber\u2026","rel":"","context":"\u00c4hnlicher Beitrag","block_context":{"text":"\u00c4hnlicher Beitrag","link":""},"img":{"alt_text":"","src":"https:\/\/i0.wp.com\/hsv-ovenhausen.de\/hsv-neu\/wp-content\/uploads\/2016\/04\/DSC_6684_pp-4-300x200.jpg?resize=350%2C200","width":350,"height":200,"srcset":"https:\/\/i0.wp.com\/hsv-ovenhausen.de\/hsv-neu\/wp-content\/uploads\/2016\/04\/DSC_6684_pp-4-300x200.jpg?resize=350%2C200 1x, https:\/\/i0.wp.com\/hsv-ovenhausen.de\/hsv-neu\/wp-content\/uploads\/2016\/04\/DSC_6684_pp-4-300x200.jpg?resize=525%2C300 1.5x"},"classes":[]},{"id":2045,"url":"\/?page_id=2045","url_meta":{"origin":4096,"position":2},"title":"2016","author":"Martin Bahr","date":"23. April 2016","format":false,"excerpt":"HSV Ovenhausen dominiert in Warburg Schie\u00dfen: Bei den Kreismeisterschaften 2016\u00a0gewinnen Hanke, Bahr und Dr\u00fcke alle Disziplinen \u00a5 Ovenhausen (nw). Erfolgreicher geht es kaum \u2013 bei allen Starts siegten die Senioren A des Heimatsch\u00fctzenvereins Ovenhausen in der Mannschafts- sowie in der Einzelwertung bei den Kreismeisterschaften in Warburg. In der Disziplin Kleinkaliber\u2026","rel":"","context":"\u00c4hnlicher Beitrag","block_context":{"text":"\u00c4hnlicher Beitrag","link":""},"img":{"alt_text":"","src":"https:\/\/i0.wp.com\/hsv-ovenhausen.de\/hsv-neu\/wp-content\/uploads\/2017\/01\/1111120151018_154136-300x180.jpg?resize=350%2C200","width":350,"height":200,"srcset":"https:\/\/i0.wp.com\/hsv-ovenhausen.de\/hsv-neu\/wp-content\/uploads\/2017\/01\/1111120151018_154136-300x180.jpg?resize=350%2C200 1x, https:\/\/i0.wp.com\/hsv-ovenhausen.de\/hsv-neu\/wp-content\/uploads\/2017\/01\/1111120151018_154136-300x180.jpg?resize=525%2C300 1.5x"},"classes":[]},{"id":1523,"url":"\/?page_id=1523","url_meta":{"origin":4096,"position":3},"title":"2015","author":"Martin Bahr","date":"15. April 2016","format":false,"excerpt":"Der HSV Ovenhausen war\u00a0auch bei den Bezirksmeisterschaften LG Auflage 10 Meter in H\u00f6velhof wieder sehr erfolgreich. In der Altersklasse \u201eSenioren A\u201c\u00a0 hat der HSV in der Mannschaftswertung mit den Sch\u00fctzen Martin Bahr 298 \u2013 Ewald Hanke 297 und Elmar Dr\u00fcke 286 -die Silbermedaille gewonnen. Martin Bahr konnte in der Einzelwertung\u00a0\u2026","rel":"","context":"\u00c4hnlicher Beitrag","block_context":{"text":"\u00c4hnlicher Beitrag","link":""},"img":{"alt_text":"DSC_6684_pp","src":"https:\/\/i0.wp.com\/hsv-ovenhausen.de\/hsv-neu\/wp-content\/uploads\/2016\/04\/DSC_6684_pp-300x200.jpg?resize=350%2C200","width":350,"height":200},"classes":[]},{"id":107,"url":"\/?page_id=107","url_meta":{"origin":4096,"position":4},"title":"Projekte","author":"Sebastian Werpup","date":"17. Januar 2015","format":false,"excerpt":"Projekte und Initiativen des Heimat- und Sch\u00fctzenvereins Ovenhausen der Jahre 2000 - 2010 Die von der Generalversammlung am 22.01.2000 beschlossene Vereinssatzung legt die Ziele und die Aufgaben des Vereins schwerpunktm\u00e4\u00dfig fest: Erhalt, F\u00f6rderung und Weiterentwicklung der heimatlichen Kultur, des \u00f6rtlichen Brauchtums und des Sch\u00fctzenwesens s\u00e4mtliche Karnevalsaktivit\u00e4ten Aus\u00fcbung des Schie\u00dfsportes \u00dcbernahme\u2026","rel":"","context":"\u00c4hnlicher Beitrag","block_context":{"text":"\u00c4hnlicher Beitrag","link":""},"img":{"alt_text":"","src":"","width":0,"height":0},"classes":[]},{"id":4150,"url":"\/?page_id=4150","url_meta":{"origin":4096,"position":5},"title":"Heimatfest 2025","author":"Matthias Gorzolka","date":"1. Juli 2025","format":false,"excerpt":"Liebe G\u00e4ste aus Nah und Fern, liebe Ovenh\u00e4userinnen und Ovenh\u00e4user sowie Freundinnen und Freunde des Sch\u00fctzenwesens,der Heimat- und Sch\u00fctzenverein Ovenhausen freut sich, Sie alle zum 11. Gro\u00dfen Heimatfest in Ovenhausen begr\u00fc\u00dfen zu d\u00fcrfen. Alle zehn Jahre feiern wir unsere Heimat, das Dorf und das Sch\u00fctzenwesen mit einem gro\u00dfen Fest der\u2026","rel":"","context":"\u00c4hnlicher Beitrag","block_context":{"text":"\u00c4hnlicher Beitrag","link":""},"img":{"alt_text":"","src":"https:\/\/i0.wp.com\/hsv-ovenhausen.de\/hsv-neu\/wp-content\/uploads\/2025\/07\/PLAKAT_Heimatfest_2025_A2_Ansicht-scaled.jpg?resize=350%2C200","width":350,"height":200,"srcset":"https:\/\/i0.wp.com\/hsv-ovenhausen.de\/hsv-neu\/wp-content\/uploads\/2025\/07\/PLAKAT_Heimatfest_2025_A2_Ansicht-scaled.jpg?resize=350%2C200 1x, https:\/\/i0.wp.com\/hsv-ovenhausen.de\/hsv-neu\/wp-content\/uploads\/2025\/07\/PLAKAT_Heimatfest_2025_A2_Ansicht-scaled.jpg?resize=525%2C300 1.5x, https:\/\/i0.wp.com\/hsv-ovenhausen.de\/hsv-neu\/wp-content\/uploads\/2025\/07\/PLAKAT_Heimatfest_2025_A2_Ansicht-scaled.jpg?resize=700%2C400 2x, https:\/\/i0.wp.com\/hsv-ovenhausen.de\/hsv-neu\/wp-content\/uploads\/2025\/07\/PLAKAT_Heimatfest_2025_A2_Ansicht-scaled.jpg?resize=1050%2C600 3x, https:\/\/i0.wp.com\/hsv-ovenhausen.de\/hsv-neu\/wp-content\/uploads\/2025\/07\/PLAKAT_Heimatfest_2025_A2_Ansicht-scaled.jpg?resize=1400%2C800 4x"},"classes":[]}],"_links":{"self":[{"href":"\/index.php?rest_route=\/wp\/v2\/pages\/4096","targetHints":{"allow":["GET"]}}],"collection":[{"href":"\/index.php?rest_route=\/wp\/v2\/pages"}],"about":[{"href":"\/index.php?rest_route=\/wp\/v2\/types\/page"}],"author":[{"embeddable":true,"href":"\/index.php?rest_route=\/wp\/v2\/users\/12"}],"replies":[{"embeddable":true,"href":"\/index.php?rest_route=%2Fwp%2Fv2%2Fcomments&post=4096"}],"version-history":[{"count":24,"href":"\/index.php?rest_route=\/wp\/v2\/pages\/4096\/revisions"}],"predecessor-version":[{"id":4145,"href":"\/index.php?rest_route=\/wp\/v2\/pages\/4096\/revisions\/4145"}],"up":[{"embeddable":true,"href":"\/index.php?rest_route=\/wp\/v2\/pages\/4"}],"wp:featuredmedia":[{"embeddable":true,"href":"\/index.php?rest_route=\/wp\/v2\/media\/4107"}],"wp:attachment":[{"href":"\/index.php?rest_route=%2Fwp%2Fv2%2Fmedia&parent=4096"}],"curies":[{"name":"wp","href":"https:\/\/api.w.org\/{rel}","templated":true}]}}